vided by 2661.
2658
Calculate the remainder when 790734 is divided by 121.
120
What is the remainder when 37671 is divided by 166?
155
Calculate the remainder when 1365505 is divided by 198.
97
What is the remainder when 96575 is divided by 15920?
1055
What is the remainder when 3885704 is divided by 27?
26
Calculate the remainder when 144957 is divided by 35658.
2325
What is the remainder when 10110884 is divided by 183833?
69
What is the remainder when 129118296 is divided by 101?
98
What is the remainder when 571267 is divided by 144?
19
What is the remainder when 665447 is divided by 220066?
5249
What is the remainder when 5380399 is divided by 1371?
595
What is the remainder when 1355494 is divided by 795?
19
What is the remainder when 23323354 is divided by 252?
250
Calculate the remainder when 3836503 is divided by 959124.
7
Calculate the remainder when 103577386 is divided by 12.
10
What is the remainder when 877383078 is divided by 8680?
8678
Calculate the remainder when 37290 is divided by 9316.
26
Calculate the remainder when 73990128 is divided by 4889.
2
Calculate the remainder when 54978811 is divided by 12.
7
What is the remainder when 14437994 is divided by 4674?
8
Calculate the remainder when 28083864 is divided by 44.
28
What is the remainder when 10031290 is divided by 27?
7
Calculate the remainder when 40648245 is divided by 30.
15
What is the remainder when 278280096 is divided by 71?
69
Calculate the remainder when 30093 is divided by 2359.
1785
Calculate the remainder when 192322 is divided by 474.
352
What is the remainder when 2123709 is divided by 1675?
1484
What is the remainder when 463945 is divided by 4338?
4117
Calculate the remainder when 44035033 is divided by 6598.
6579
Calculate the remainder when 3263407 is divided by 1087790.
37
What is the remainder when 167911678 is divided by 219?
217
What is the remainder when 990646 is divided by 261?
151
Calculate the remainder when 5112358 is divided by 90.
88
Calculate the remainder when 28151 is divided by 3973.
340
What is the remainder when 24551 is divided by 3500?
51
What is the remainder when 4690 is divided by 4091?
599
What is the remainder when 1484904 is divided by 251?
239
Calculate the remainder when 18409411 is divided by 1169.
1168
Calculate the remainder when 2271398 is divided by 293.
62
Calculate the remainder when 523878 is divided by 774.
654
Calculate the remainder when 71389847 is divided by 131473.
8
Calculate the remainder when 10838199 is divided by 2350.
2349
Calculate the remainder when 4765729 is divided by 495.
364
What is the remainder when 43513589 is divided by 231455?
49
Calculate the remainder when 2942099 is divided by 630.
629
What is the remainder when 20577220 is divided by 17?
12
What is the remainder when 9512 is divided by 84?
20
What is the remainder when 57839 is divided by 804?
755
Calculate the remainder when 264330 is divided by 2149.
3
What is the remainder when 14261955 is divided by 1043?
1016
Calculate the remainder when 41733 is divided by 20216.
1301
What is the remainder when 245403 is divided by 10225?
3
What is the remainder when 904701 is divided by 646?
301
What is the remainder when 78682 is divided by 24365?
5587
What is the remainder when 126978734 is divided by 3?
2
What is the remainder when 2322024 is divided by 2321904?
120
Calculate the remainder when 1233841 is divided by 188.
185
What is the remainder when 68595151 is divided by 130409?
17
What is the remainder when 2094265 is divided by 1046691?
883
Calculate the remainder when 4725 is divided by 3660.
1065
Calculate the remainder when 28536 is divided by 2589.
57
Calculate the remainder when 1946493 is divided by 444.
441
Calculate the remainder when 11822151 is divided by 681.
672
Calculate the remainder when 741482 is divided by 3209.
203
What is the remainder when 709773 is divided by 838?
825
What is the remainder when 391765 is divided by 336?
325
Calculate the remainder when 70146 is divided by 13817.
1061
Calculate the remainder when 22384126 is divided by 52.
50
What is the remainder when 45823144 is divided by 226847?
50
What is the remainder when 495573 is divided by 10485?
2778
What is the remainder when 6018208 is divided by 11?
9
Calculate the remainder when 104692 is divided by 52301.
90
Calculate the remainder when 296628 is divided by 49347.
546
Calculate the remainder when 490859 is divided by 122682.
131
Calculate the remainder when 5355172 is divided by 411910.
342
What is the remainder when 113926 is divided by 22745?
201
Calculate the remainder when 13337369 is divided by 477.
449
Calculate the remainder when 86318 is divided by 2608.
254
Calculate the remainder when 9830176 is divided by 3276712.
40
What is the remainder when 359963 is divided by 51381?
296
Calculate the remainder when 326573 is divided by 2109.
1787
What is the remainder when 59411898 is divided by 2093?
0
What is the remainder when 7640063 is divided by 2487?
2486
What is the remainder when 8061864 is divided by 4353?
108
What is the remainder when 2605 is divided by 428?
37
What is the remainder when 6569456 is divided by 34395?
11
What is the remainder when 151881 is divided by 216?
33
Calculate the remainder when 3809761 is divided by 1904858.
45
What is the remainder when 213023 is divided by 57?
14
Calculate the remainder when 140230 is divided by 127.
22
Calculate the remainder when 1956019 is divided by 61.
54
Calculate the remainder when 91445 is divided by 94.
77
What is the remainder when 229221457 is divided by 130?
127
What is the remainder when 254141 is divided by 63396?
557
Calculate the remainder when 24358637 is divided by 27.
20
What is the remainder when 414408 is divided by 59199?
15
What is the remainder when 189881 is divided by 36695?
6406
What is the remainder when 796312 is divided by 46835?
117
What is the remainder when 99044625 is divided by 186?
183
Calculate the remainder when 35655140 is divided by 17827561.
18
What is the remainder when 119558 is divided by 119551?
7
What is the remainder when 93537 is divided by 3701?
1012
Calculate the remainder when 28351638 is divided by 46.
44
What is the remainder when 449293 is divided by 250?
43
What is the remainder when 359486 is divided by 89840?
126
What is the remainder when 1236670 is divided by 1725?
1570
Calculate the remainder when 904834928 is divided by 57.
56
Calculate the remainder when 6794979 is divided by 1132496.
3
Calculate the remainder when 47937970 is divided by 23968927.
116
Calculate the remainder when 61056 is divided by 66.
6
What is the remainder when 148276 is divided by 4163?
2571
What is the remainder when 243378 is divided by 655?
373
What is the remainder when 538354 is divided by 251?
210
What is the remainder when 3944076 is divided by 56?
52
What is the remainder when 1059925 is divided by 84?
13
Calculate the remainder when 18608 is divided by 6037.
497
What is the remainder when 52105 is divided by 51356?
749
Calculate the remainder when 6429809 is divided by 2143253.
50
What is the remainder when 98801935 is divided by 56?
15
Calculate the remainder when 4703510 is divided by 350.
210
Calculate the remainder when 174654 is divided by 58217.
3
Calculate the remainder when 3745187 is divided by 5615.
5597
What is the remainder when 275889716 is divided by 1139?
1136
Calculate the remainder when 682372 is divided by 175.
47
What is the remainder when 219492178 is divided by 26?
22
Calculate the remainder when 6129 is divided by 1011.
63
What is the remainder when 19704877 is divided by 464?
189
What is the remainder when 18437363 is divided by 2325?
113
Calculate the remainder when 16727427 is divided by 15.
12
Calculate the remainder when 8517693 is divided by 10104.
21
Calculate the remainder when 2428649 is divided by 3369.
2969
Calculate the remainder when 16984912 is divided by 10433.
10421
Calculate the remainder when 26525498 is divided by 803.
802
What is the remainder when 134176 is divided by 516?
16
Calculate the remainder when 26805 is divided by 13052.
701
What is the remainder when 12371859 is divided by 147284?
3
What is the remainder when 188180809 is divided by 324?
313
What is the remainder when 679934 is divided by 153?
2
Calcula